12 and 13055946.
6
Calculate the greatest common divisor of 5370331 and 20140.
1007
Calculate the highest common divisor of 29083 and 18923.
127
What is the greatest common factor of 36498528 and 93357?
4059
Calculate the greatest common factor of 288 and 47548272.
48
What is the highest common divisor of 52858 and 58136884?
494
Calculate the greatest common factor of 898 and 1963477.
449
What is the greatest common divisor of 3051 and 177417?
27
What is the highest common divisor of 2232608 and 17696?
224
Calculate the greatest common divisor of 19508 and 51896157.
4877
Calculate the greatest common factor of 5617665 and 8215.
155
What is the greatest common factor of 57142631 and 39?
13
Calculate the highest common divisor of 10846 and 5069944.
374
What is the greatest common factor of 36 and 2264994?
18
Calculate the highest common divisor of 121074 and 654.
6
What is the greatest common divisor of 17857785 and 9075?
1815
Calculate the highest common divisor of 35165 and 14704380.
2705
Calculate the greatest common divisor of 318360 and 499800.
840
What is the highest common divisor of 722 and 473474965?
361
What is the greatest common factor of 11061150 and 1073925?
2775
What is the greatest common factor of 181849 and 41099?
563
What is the highest common divisor of 940 and 28274670?
10
What is the greatest common divisor of 1498815 and 27930?
285
Calculate the highest common factor of 391 and 63871.
23
Calculate the greatest common factor of 1092 and 124705308.
1092
Calculate the greatest common factor of 5535 and 143748.
27
What is the highest common divisor of 1084 and 29066?
2
Calculate the highest common factor of 658 and 49705320.
658
Calculate the highest common divisor of 2672 and 515008.
16
Calculate the greatest common divisor of 274 and 727936211.
137
Calculate the highest common factor of 175509550 and 483.
23
Calculate the highest common factor of 3075236 and 1112.
556
Calculate the highest common factor of 109 and 1889.
1
What is the highest common factor of 106678 and 109252?
286
Calculate the highest common factor of 18070 and 29443258.
3614
What is the greatest common divisor of 101037 and 993?
3
What is the highest common divisor of 60 and 4357785?
15
What is the greatest common divisor of 62280601 and 347?
347
What is the greatest common divisor of 15632 and 9523796?
3908
Calculate the highest common factor of 17997439 and 1.
1
What is the highest common divisor of 36 and 1141362?
18
What is the highest common factor of 6284334 and 98?
14
Calculate the greatest common divisor of 15570 and 726319740.
5190
What is the highest common divisor of 23992 and 8240?
8
Calculate the highest common divisor of 11 and 7358230.
11
Calculate the greatest common divisor of 44946 and 698562.
18
What is the greatest common factor of 519126090 and 735?
735
Calculate the greatest common divisor of 12592716 and 3876.
204
What is the highest common divisor of 363749 and 422?
1
What is the greatest common factor of 1001 and 1142420279?
1001
What is the greatest common divisor of 156418 and 189120?
394
What is the highest common divisor of 2852 and 162622466?
1426
Calculate the highest common divisor of 10412613 and 204618.
1527
Calculate the greatest common divisor of 920 and 3923570.
230
What is the greatest common divisor of 2412 and 235728?
36
Calculate the highest common factor of 2975533 and 28842.
4807
Calculate the greatest common divisor of 992637 and 44361.
477
What is the highest common divisor of 907088 and 400?
16
What is the greatest common factor of 15404 and 1796?
4
What is the greatest common factor of 62 and 1906712?
2
Calculate the highest common divisor of 15906 and 3959148.
1446
What is the greatest common divisor of 72565 and 29937795?
3155
Calculate the greatest common divisor of 38552 and 22565120.
488
Calculate the highest common divisor of 419978 and 116.
58
Calculate the highest common divisor of 203873241 and 33.
33
Calculate the highest common divisor of 312 and 226663944.
312
Calculate the greatest common factor of 226145 and 526699.
1459
What is the greatest common divisor of 92983 and 681296?
869
Calculate the highest common factor of 364224 and 70460.
1084
Calculate the highest common divisor of 57464 and 5368.
88
Calculate the greatest common divisor of 14302192 and 2690.
538
What is the highest common factor of 321425 and 204425?
325
What is the greatest common factor of 124 and 36611403?
31
Calculate the greatest common divisor of 2084220 and 855.
45
What is the greatest common divisor of 2685 and 13628523?
537
Calculate the highest common divisor of 35617386 and 294.
42
Calculate the highest common divisor of 5910692 and 103916.
1252
Calculate the greatest common factor of 35695 and 436494685.
3245
Calculate the greatest common factor of 20754 and 2802942.
18
What is the greatest common divisor of 244271 and 135508?
1783
What is the greatest common factor of 378258416 and 2948?
268
Calculate the greatest common factor of 156 and 4767022.
26
What is the highest common factor of 5635 and 61855?
5
What is the highest common divisor of 27 and 1506582?
9
Calculate the highest common divisor of 72 and 22477869.
9
What is the highest common divisor of 18598528 and 8?
8
Calculate the greatest common divisor of 225602 and 9607.
13
What is the highest common factor of 15570402 and 3841?
23
What is the highest common factor of 3622492 and 12212?
172
Calculate the highest common factor of 26415459 and 5418.
2709
Calculate the greatest common divisor of 267518 and 127108.
1478
What is the greatest common factor of 334 and 280509399?
167
Calculate the highest common divisor of 10 and 596492945.
5
Calculate the greatest common factor of 1334 and 1886044.
58
Calculate the highest common factor of 783 and 61944.
87
What is the highest common factor of 42 and 8009547?
21
What is the greatest common factor of 974166224 and 8?
8
Calculate the highest common factor of 194 and 7417881.
97
Calculate the greatest common factor of 262038122 and 9418.
554
Calculate the highest common factor of 3192 and 1213359.
399
What is the greatest common divisor of 1567907730 and 2547?
2547
Calculate the highest common factor of 12 and 183754428.
12
What is the greatest common divisor of 9 and 754671357?
9
Calculate the highest common factor of 65008 and 2468392.
1912
What is the highest common factor of 2442 and 3924701?
407
Calculate the highest common divisor of 15982 and 141742.
262
What is the highest common divisor of 3175 and 34546540?
635
Calculate the greatest common divisor of 12492 and 101208.
12
What is the highest common divisor of 9284 and 437807909?
2321
What is the highest common divisor of 2815962 and 492?
246
Calculate the greatest common divisor of 2496 and 20759076.
156
What is the highest common factor of 2932881 and 14?
7
Calculate the highest common divisor of 146676 and 544.
68
Calculate the greatest common factor of 229627938 and 762.
762
Calculate the highest common divisor of 146710 and 2402.
2
What is the highest common divisor of 27575182 and 14570?
2914
What is the highest common factor of 10395 and 440440?
385
Calculate the greatest common divisor of 1160682 and 54.
6
What is the greatest common factor of 1241 and 1726792?
17
What is the highest common divisor of 242440 and 185310?
290
What is the highest common divisor of 178 and 146320361?
89
Calculate the highest common factor of 5973239 and 323.
323
Calculate the greatest common factor of 1652 and 630.
14
Calculate the highest common divisor of 450 and 47499444.
18
What is the greatest common divisor of 43731 and 346365?
387
What is the greatest common factor of 560296 and 488?
8
What is the greatest common divisor of 146 and 931945448?
146
Calculate the highest common divisor of 14455156 and 164.
4
What is the highest common divisor of 8 and 433059432?
8
Calculate the highest common divisor of 3980 and 82.
2
What is the greatest common factor of 25044891 and 123?
123
Calculate the greatest common factor of 911216 and 37136.
16
Calculate the highest common factor of 1539 and 678728241.
1539
What is the highest common factor of 150 and 2813370?
30
Calculate the greatest common divisor of 42957 and 37925.
37
What is the highest common divisor of 43876952 an